reatest common divisor of j and y.
10
Suppose -9*s = -2*s - 84. Calculate the highest common divisor of s and 36.
12
Suppose -4*f - 3*m = -20, -f + m = 6*m - 5. Let k = 0 + f. Let s be ((-2)/(-3))/((-2)/(-15)). Calculate the greatest common divisor of s and k.
5
Let f = 8 + 6. Suppose -a - 416 = -2*m - 105, -2*m = -4*a - 320. What is the highest common factor of m and f?
14
Let v(c) = c + 8. Let f be v(-5). Let t be 2/(-9) + 34/(-9). Let d be t/(-10) + 3/5. What is the greatest common divisor of f and d?
1
Let j be (-2)/(-4) - 135/(-6). Calculate the highest common divisor of 115 and j.
23
Let v = 81 + -57. Calculate the highest common divisor of v and 8.
8
Let o be 2/(-2 + 729/363). Calculate the greatest common factor of 22 and o.
22
Let b be -1*2 + 26*2. Let x = -83 + 158. Calculate the greatest common divisor of x and b.
25
Suppose -4*k + 23 = -49. Suppose 4*p - 5 = 3*d + 22, -k = -p - 3*d. What is the highest common divisor of 45 and p?
9
Suppose -5*m = -10*m - 20, 0 = 3*r - 3*m - 75. Calculate the highest common divisor of r and 21.
21
Let o = -25 - -54. Calculate the greatest common factor of 261 and o.
29
Suppose -1 = 3*t - 4. Suppose 3*j = -4 + t, 3*m + 3*j - 3 = 0. Calculate the greatest common factor of m and 6.
2
Suppose -3*a - 2*a + 20 = 0. Suppose w + a*w = 0, -w + 54 = 3*i. What is the greatest common divisor of 3 and i?
3
Suppose 0 = -4*m + 58 - 10. Calculate the highest common divisor of 24 and m.
12
Let j(s) = s**2 - 6*s + 5. Let m be j(7). Calculate the greatest common divisor of m and 72.
12
Let u = 719 - 499. What is the greatest common divisor of u and 20?
20
Suppose 4*h - 11 = -3. Suppose i - 2 = -o, 3*i = -3*o - 2*i - h. What is the highest common divisor of o and 4?
2
Suppose -z + 4*z - 644 = 5*k, 0 = -5*z + 15. Let n = -88 - k. Calculate the highest common factor of n and 13.
13
Let f = -9 + 5. Let i be f/(-14) - (-1382)/14. Suppose m - 33 = -2*m. Calculate the greatest common divisor of m and i.
11
Let w be (-30)/(2/(-4)*3). Suppose 0 = 6*r - r + w. Let v be (15/r)/(3/(-8)). What is the highest common factor of v and 30?
10
Let g be (((-36)/(-3))/(-3))/2. Let h be (-176)/g*(2 - 0). Let o be ((-4)/(-3))/(1/12). What is the greatest common divisor of o and h?
16
Let w = -10 + 14. Suppose -z = -4*b + 22, -3*b - 17 = -8*b - w*z. Suppose -3*s + 2 = -4. What is the highest common divisor of b and s?
1
Let x = -46 - -121. Suppose -w + 4*o = -x, 0 = 3*w - 4*o - o - 204. What is the greatest common divisor of 9 and w?
9
Let m = -27 - -80. Calculate the highest common divisor of 53 and m.
53
Let n(r) = -r**2 + 0*r - 6*r - 1 - 4. Let c be n(-5). Suppose 2*f - 6 = -c*f. Calculate the greatest common divisor of 6 and f.
3
Let q be (6 + -3)/(2*(-3)/(-46)). Calculate the greatest common factor of 23 and q.
23
Let n = -1 + 10. Let p(j) = 12*j. Let u be p(3). Calculate the greatest common factor of u and n.
9
Suppose 0*m + m = 6. Let d(c) = c - 2. Let f be d(m). Let a be (-22)/(-6)*(-1 + f). Calculate the greatest common divisor of a and 22.
11
Let y(m) = 11*m - 35. Let q(s) = 5*s - 17. Let l(a) = -13*q(a) + 6*y(a). Let k be l(-10). What is the highest common factor of k and 7?
1
Let t(l) = -l**2 - 4*l. Let a be t(-1). Calculate the greatest common factor of a and 5.
1
Suppose 0 = 5*z - g - 154, 4*g + 136 = 4*z - 0*g. Calculate the highest common divisor of z and 10.
10
Let u be -3 + 10 + (-1 - 0). Suppose u*v = 7*v - 17. What is the highest common factor of 68 and v?
17
Let r(y) = y**3 + 11*y**2 - y - 8. Let h be r(-11). Suppose 280 = f + h*f. Calculate the highest common divisor of f and 10.
10
Let v(w) = -w**2 - 11*w + 2. Let n be v(-11). Suppose 0 = -5*k + 8 + n. Calculate the highest common factor of 2 and k.
2
Suppose 0 = 4*g - 61 - 59. Calculate the greatest common divisor of g and 6.
6
Let g be 5 - -1*(0 + -1). Suppose 36 = 4*y + g*n, 5*y = 4*n - 3*n + 45. Let q be 27*1*(-12)/(-9). What is the greatest common factor of q and y?
9
Let y be 0/((-16)/4) + 4. Calculate the highest common factor of y and 4.
4
Let m be 0/(-2 - -3) - -5. Suppose -949 - 451 = -m*n. Suppose n = 7*h - 3*h. What is the greatest common factor of h and 28?
14
Suppose -3*o - 1440 = -11*o. What is the greatest common factor of 20 and o?
20
Let s(b) be the first derivative of -4*b**2 + 1. Let w be s(-8). Calculate the greatest common divisor of 16 and w.
16
Let h be 24 + -2 + -4 + 7. What is the greatest common factor of h and 5?
5
Let v be -2*(2 - 9/2). Calculate the greatest common factor of v and 35.
5
Suppose 4*z = -g + 4*g - 7, 4*z + 17 = 5*g. Suppose -3*p - f = -0*f + 33, 3*p + 45 = -5*f. Let v be (-5)/p*1*z. Calculate the greatest common factor of v and 1.
1
Suppose n - 3*d = -n + 267, 4*n = 2*d + 530. Calculate the highest common divisor of 12 and n.
12
Suppose -165 = -3*r + j, 0*r + 4*j = -r + 68. Suppose 0*v + v - r = 0. Calculate the greatest common factor of 14 and v.
14
Let g be ((-85)/(-20)*3)/((-6)/(-32)). What is the highest common factor of g and 17?
17
Let b(y) = -y**3 - 6*y**2 - 6*y + 5. Suppose -4*d = -3*v + 20, 2*d + 3*v - 25 = 7*d. Let u be b(d). Calculate the greatest common factor of u and 4.
2
Suppose 3*j - 5*q - 4 = 249, -3*j = 3*q - 285. Suppose -5*t + 2*i + 62 = -i, 4*t + 3*i - 55 = 0. What is the greatest common divisor of j and t?
13
Let h = -119 - -121. What is the highest common divisor of h and 14?
2
Let m = 81 + -80. Suppose 2*i = 3*l + 4*i - 3, 0 = 5*l - 5*i - 30. Calculate the greatest common divisor of l and m.
1
Suppose 2*u = 2*d + 3*d + 17, -2*d - 4 = 2*u. Let o be (-16)/(-6)*(-27)/(-18). Calculate the greatest common divisor of o and u.
1
Let j = -2 - -4. Suppose -6*q + p = -j*q - 23, p = 5*q - 29. Suppose 0 = 4*i - 5 - 11. Calculate the highest common divisor of q and i.
2
Suppose 66 + 18 = -3*t. Let w = t - -33. Calculate the highest common divisor of 35 and w.
5
Suppose 5*w - 16 = w. Suppose -3*n - 19 = -2*r - 6, -w*n = -r + 14. What is the highest common divisor of 8 and r?
2
Suppose 4*a + w = 13, 4*a = 2*a - w + 7. Let j be a - 39/(-6)*8. What is the highest common divisor of j and 11?
11
Suppose 662 = 5*w - 103. What is the greatest common factor of 17 and w?
17
Let k = 10 + -1. What is the highest common factor of k and 45?
9
Let n = 64 + -36. Suppose 2*z - n = z. Calculate the greatest common factor of 7 and z.
7
Let y be 5/(-2)*(-2184)/195. Calculate the greatest common factor of 196 and y.
28
Suppose j + 4*y - 25 = 0, -4*j + 3 = y - 52. Let a(n) = n**3 + 10*n**2 - 14*n + 3. Let l be a(-10). Calculate the highest common divisor of l and j.
13
Let w = 43 + -30. Let c be 39/2*(-16)/(-6). What is the highest common factor of c and w?
13
Suppose 5*m - 29 - 11 = 0. Let b be 3*-35*m/(-5). Calculate the highest common factor of 28 and b.
28
Let m = -20 - -26. What is the highest common factor of 18 and m?
6
Let v(w) = 2*w**2 - 1. Let o = 6 - 3. Suppose 0 + 1 = 5*q + 2*b, -o*b = 5*q - 4. Let s be v(q). Calculate the greatest common factor of 1 and s.
1
Suppose 3*i = -i + 16. What is the greatest common factor of 4 and i?
4
Let h = 103 + -97. Suppose 0 = -3*g + 4*p - 3 + 9, -3*p + 15 = g. Calculate the highest common factor of g and h.
6
Let s(b) = 3*b + 4. Let c be s(3). Let q = c - -5. What is the greatest common divisor of 6 and q?
6
Suppose -2*m = 2*m - 16. Let l be (2/m)/((-3)/(-144)). Let o(s) = s**3 + 4*s**2 - 3*s - 4. Let p be o(-4). Calculate the highest common factor of l and p.
8
Suppose 37*k = 42*k - 20. Calculate the greatest common factor of k and 1.
1
Let d = 6 + 8. Calculate the greatest common divisor of 70 and d.
14
Let p(n) = -2*n - 7. Let s be p(-5). Suppose -7*w + s*w + 124 = 0. Suppose -w = -4*v + 1. Calculate the highest common factor of v and 2.
2
Suppose -k = -5*f + 16, -5*f + 16 + 1 = -2*k. Suppose 11 = f*x + 2. What is the greatest common divisor of x and 1?
1
Suppose 26 = 2*o - 18. What is the highest common divisor of 110 and o?
22
Let f be 1*(0 + -4 + 5). Let t be (-12)/(4/(-12)*f). Calculate the highest common factor of t and 6.
6
Let k = 2 - -14. What is the greatest common factor of k and 144?
16
Let s(r) = r**2 - 8*r + 9. Let p be s(6). Let y = p + 3. Suppose 2*g - 10 = -y*g. What is the greatest common factor of 25 and g?
5
Let s be 18 - (-2 - (2 - 6)). Calculate the greatest com